 = -13 + a. Suppose -3*k + g = 3*n, n = 4*k + k + 35. What are the prime factors of n?
2, 5
Suppose 3*u = 3*p - 8769, -4*p - 3*u + 10458 + 1255 = 0. List the prime factors of p.
2, 7, 11, 19
Suppose -4*r - 1095 = -3*u + 1241, -12 = -3*r. What are the prime factors of u?
2, 7
Let z = 18 - 14. Let c(k) = 1 - 3 + z*k + 15*k**2 - k + 5. List the prime factors of c(-2).
3, 19
Let w(x) = -x**3 + 8*x**2 - 5*x. Suppose -y = 2*d + 3 - 1, -y = -2*d + 6. Let a = y - -11. What are the prime factors of w(a)?
2, 7
Suppose -2*l + 3*o = -6*l + 2629, -l = 5*o - 653. List the prime factors of l.
2, 7, 47
What are the prime factors of 70014/210 + -2 + 13/5?
2, 167
Let q(x) = 2*x + 1. Let t be q(-1). Let h(n) = -30*n + 2. List the prime factors of h(t).
2
Let k = 44 + -28. Suppose -x - 3 = 2*f, 2*x - k = 2*f + 2. Suppose 0 = -x*u + 352 - 42. List the prime factors of u.
2, 31
Suppose 8*q - 12*q + 58 = -m, 0 = 5*q - 4*m - 78. Let i = 11 - -3. What are the prime factors of 160/i - 6/q?
11
Let v be 4/(-8)*4 + -185. Let u = v - -280. List the prime factors of 2*5/(30/u).
31
Let d(q) = 9*q**2 + 2*q - 1. Suppose 8*n = 4*n + 12. What are the prime factors of d(n)?
2, 43
Let l = 263 + -72. Suppose 0 = -5*s + 134 + l. What are the prime factors of s?
5, 13
Suppose -t + 2772 = 4*r, 2*t = -9 + 1. List the prime factors of r.
2, 347
Let r = 16 - 15. Let w be (-13)/13 + (r - -208). List the prime factors of 5648/w - (-4)/(-26).
3
What are the prime factors of (-8)/(-5 + (-11778)/(-2358))?
2, 3, 131
Suppose -4*x = -111 - 61. Let y be 2/6 - 49/3. Let f = y + x. What are the prime factors of f?
3
Let j be (2/(-4) - 0)*(223 + 9). Let c = j + 177. List the prime factors of c.
61
Let t(c) = 3*c + 25. Let i be t(-6). Suppose 126 = i*u - 70. What are the prime factors of u?
2, 7
Let c = 119 + 1. Suppose 27*t - c = 23*t. What are the prime factors of t?
2, 3, 5
Let h(v) = 10 + 19*v - 3 + 6 - 1. List the prime factors of h(4).
2, 11
Suppose -3*f + 45 + 891 = 0. Suppose -2*u = -u - f. List the prime factors of (-8)/28 - u/(-14).
2, 11
Suppose -83*y = -92*y + 360. List the prime factors of y.
2, 5
Let g = 507 - 361. Suppose 3*u - u - g = 0. What are the prime factors of u?
73
Suppose c = 5*s - 1738, -4*s - 3*c = 53 - 1451. List the prime factors of s.
2, 3, 29
Let q = 10 + -7. Let i be (q - (-5 - -2))/2. Suppose -p - 5*k = -37, i*k = p + 1 - 22. List the prime factors of p.
3
Let x(d) = -4 - 8 - d + 1 + 2*d. Let z be x(11). What are the prime factors of (-3 - -7) + (3 - z)?
7
Let s = 2564 - 773. What are the prime factors of s?
3, 199
Suppose -7*l = -6*l - 186. Suppose 6 - l = -3*c. Let b = -33 + c. List the prime factors of b.
3
Suppose 52 + 148 = -4*j. Let u be ((-6)/5)/(20/j). Suppose -3*k + l = -u, -7*l = -3*k - 3*l - 6. What are the prime factors of k?
2
Let d be ((-9)/(-6))/((-1)/(-6)). Let h = d + -9. What are the prime factors of 6/10*(35 - h)?
3, 7
Suppose -20*l - 5103 = -24*l - 3*w, 1282 = l + 2*w. List the prime factors of l.
2, 3, 53
Let h(t) = -t**2 + 6*t + 3. Let d be h(6). Let m = -335 + 433. Suppose s + m = d*k, -4*k + 2*s + 65 = -67. What are the prime factors of k?
2
Let b(n) = n**2 + 1. Let p(f) = 4*f**2 + 16*f + 6. Let y(r) = -2*b(r) + p(r). What are the prime factors of y(-12)?
2, 5
Suppose -121*v - 2730 = -127*v. What are the prime factors of v?
5, 7, 13
Suppose -2*f + 5*i = -1614, 9*f - 4101 = 4*f - 4*i. What are the prime factors of f?
19, 43
Let w(g) = g - 15. Let n be w(14). Let y be 2/(-2)*n/1. List the prime factors of (1 - -19) + 3 - y.
2, 11
Let g be (-1)/(0 - -2)*-34. Let o(p) = -p**2 + 9*p + 13. Let j be o(-2). Let t = g + j. List the prime factors of t.
2
Suppose 2*u = c + 5*u - 923, 8*c - 3*u - 7492 = 0. List the prime factors of c.
5, 11, 17
Let f(k) = 21*k - 5. Let t be f(3). Suppose 4*s = -v + 116, -3*s = -v - 22 - t. List the prime factors of s.
2, 7
Suppose 155*i - 57528 = 61*i. List the prime factors of i.
2, 3, 17
Let x(b) = -1. Let s be (-1)/(-2)*5*-2. Let u(o) = -o**3 + 6*o**2 + 8*o + 9. Let p(h) = s*x(h) - u(h). List the prime factors of p(8).
2, 3, 5
Suppose 114*b - 123*b = -4257. What are the prime factors of b?
11, 43
Let y(o) = -1623*o - 108. List the prime factors of y(-1).
3, 5, 101
Let a = 68 - 44. Suppose 4*n + a = v, 3*n + 109 = v + 3*v. List the prime factors of v.
2, 7
Let i(v) = -v**3 - 6*v**2 + v + 13. Let y be i(-6). Let c(h) = -2*h + 26. Let n be c(y). What are the prime factors of ((-12)/(-10))/(n/270)?
3
Let q(k) = -k**3 - 2*k**2 - 2*k - 1. Let b be q(-3). Suppose 1356 = b*f - 450. What are the prime factors of f?
3, 43
Let f(k) = k + 4. Let s(n) = -n - 3. Let p(g) = 3*f(g) + 2*s(g). Let a be p(-6). Suppose a = -m + 2*m - 11. List the prime factors of m.
11
Let w(k) = -k**3 + 21*k**2 - 25*k + 5. What are the prime factors of w(10)?
3, 5, 19
Let c = -68 + -453. Let x = -363 - c. List the prime factors of x.
2, 79
Let q = -39 + 157. What are the prime factors of q?
2, 59
Let y = -306 + 605. What are the prime factors of y?
13, 23
Let b = 7 + -6. Suppose 2*y - b = -25. What are the prime factors of 0 + (0 - (y - 0))?
2, 3
Let b(k) = -3*k + 10. Let o be b(-9). Let f = o + -20. Suppose -2*s + 131 - f = 0. List the prime factors of s.
3, 19
Suppose -331 = -4*v + k - 43, 0 = -2*k. Suppose 5*l = n - 65, -3*n - l - v + 267 = 0. What are the prime factors of n?
5, 13
Suppose -4*b = -4*w - 52, b + w = 1 + 14. Suppose 326 = 4*f + 2*l, 0 = 6*f - f + l - 400. Suppose -3*y + b = -f. What are the prime factors of y?
31
Suppose -t + 2*t = 11. Suppose 4*q + t = -81. What are the prime factors of q/(-2) + 12/8?
13
Suppose 0 = 4*d + 4*f - 9*f + 45, -40 = 3*d - 5*f. Let u be (-2058)/(-10) + (-1)/d. Let c = u + -123. What are the prime factors of c?
83
Suppose 5*z - 188 = -p, -p + 2*z - z + 206 = 0. Let f = 289 - p. What are the prime factors of f?
2, 43
Let o be (-2 - -5)/((-1)/5). Let b = 17 + o. Suppose 0 = 2*h + 8, 7*d + 4*h = b*d + 89. List the prime factors of d.
3, 7
Let d(i) = 8*i - 4. Let r be d(1). Let m = 3 + r. Suppose -3*s + m*s - 120 = 0. What are the prime factors of s?
2, 3, 5
Let g = 5477 + -3282. What are the prime factors of g?
5, 439
Let y be ((-24)/(-36))/(2/9). Let n = 29 + -1. Suppose 11 + n = y*g. List the prime factors of g.
13
Let b be 16 + (-4)/(-4) + 2. Suppose -3*u + 3*m = -b - 122, -109 = -3*u - 5*m. What are the prime factors of u?
43
Suppose 4*b = 6*b. List the prime factors of -4 + 40 + (-3 - b).
3, 11
Suppose -202 = -5*s + 143. Suppose a - s = -16. What are the prime factors of a?
53
Let h be 135/10 + (-2)/4. Let b(z) = h + 22*z - 10*z + 3*z**2 + 5*z - 4*z**2. What are the prime factors of b(14)?
5, 11
Let r(y) = -5*y**2 + 2. Let d be r(2). Let q = d - -27. What are the prime factors of q?
3
Let r = -623 - -1364. What are the prime factors of r?
3, 13, 19
Suppose -21*b + 9 = -18*b. Suppose -d + 4*h + 116 = d, -b*d + 2*h = -170. What are the prime factors of d?
2, 7
Let h(a) be the first derivative of a**6/72 - a**5/120 - a**4/6 + 2*a**3/3 - 8. Let f(m) be the third derivative of h(m). What are the prime factors of f(3)?
2, 19
Let n(y) be the second derivative of y**5/20 - 2*y**4/3 + y**3/6 - 13*y**2/2 - 10*y. Let b be n(8). What are the prime factors of b/(-2)*(-104)/(-4)?
5, 13
Let h(m) = -m**3 - 2*m**2 + m + 4. Let d be h(-5). Let y(a) = 2*a - 8. Let o be y(9). Suppose -4*i + d = -o. List the prime factors of i.
3, 7
Let y = -98 - -109. Let u(n) = 2*n**2 - 2. List the prime factors of u(y).
2, 3, 5
Let z(m) = 174*m**2 + 10*m + 25. What are the prime factors of z(-2)?
701
Suppose -16128 = -48*t + 12*t. List the prime factors of t.
2, 7
Let v(s) = s**3 + 42*s**2 + 37*s - 54. List the prime factors of v(-41).
2, 5, 11
Let j(b) = -6*b**2 - 5*b - 2. Let o be j(-4). Let g = -16 - o. What are the prime factors of g?
2, 31
Let o(l) = -l**3 + 19*l**2 - 16*l + 24. What are the prime factors of o(16)?
2, 67
List the prime factors of (-117)/(-36) - 3 - (-5051)/4.
3, 421
Let h(f) = -f - 5. Let g be h(-9). Suppose g = -u - 3. Let s(b) = b + 10. List the prime factors of s(u).
3
Let l = 24 - 34. Let s = 41 - l. List the prime factors of s.
3, 17
Let z = -171 + 363. Suppose -z = -4*i - 0*s - 2*s, s = -i + 46. List the prime factors of i.
2, 5
Let d(f) = -3 - 4 + 186*f - 200*f. What are the prime factors of d(-5)?
3, 7
Let b(